ctor of 167356?
True
Is 795938 a multiple of 11?
True
Is 2165612 a multiple of 94?
False
Does 127 divide 1027684?
True
Does 128 divide 228736?
True
Does 19 divide 1451?
False
Is 860 a factor of 1635506?
False
Does 253 divide 1141536?
True
Is 43322 a multiple of 53?
False
Is 17 a factor of 5150441?
False
Is 131689 a multiple of 215?
False
Is 413 a factor of 507577?
True
Is 9 a factor of 265714?
False
Is 3992 a multiple of 4?
True
Is 365 a factor of 967615?
True
Is 25311 a multiple of 3?
True
Is 129337 a multiple of 42?
False
Is 57615 a multiple of 2?
False
Is 23 a factor of 42688?
True
Does 23 divide 2062218?
False
Is 435 a factor of 728213?
False
Is 36256 a multiple of 4?
True
Is 1710 a multiple of 11?
False
Is 340320 a multiple of 5?
True
Is 561694 a multiple of 46?
False
Is 306714 a multiple of 31?
True
Is 2879554 a multiple of 1061?
True
Does 13 divide 3351036?
True
Is 389 a factor of 617732?
True
Is 72 a factor of 389232?
True
Is 11 a factor of 4851642?
False
Is 420056 a multiple of 26?
True
Is 269284 a multiple of 55?
False
Is 813275 a multiple of 26?
False
Does 98 divide 4313078?
True
Does 6 divide 386703?
False
Is 450 a multiple of 5?
True
Is 52164 a multiple of 92?
True
Is 2802622 a multiple of 330?
False
Does 22 divide 612526?
False
Is 217129 a multiple of 109?
False
Is 52 a factor of 188352?
False
Is 5 a factor of 279665?
True
Does 539 divide 6355591?
False
Does 5 divide 242627?
False
Does 7 divide 28070?
True
Is 28 a factor of 213220?
True
Does 14 divide 1701980?
True
Does 497 divide 156058?
True
Is 392 a factor of 385728?
True
Is 824362 a multiple of 53?
True
Is 23 a factor of 48694?
False
Does 3 divide 12552?
True
Is 60807 a multiple of 156?
False
Does 3 divide 8189418?
True
Is 1185462 a multiple of 54?
True
Is 674 a factor of 1833954?
True
Is 16 a factor of 186336?
True
Is 20858 a multiple of 72?
False
Is 380 a factor of 1003580?
True
Is 92062 a multiple of 144?
False
Is 131 a factor of 599718?
True
Is 117 a factor of 989118?
True
Does 4 divide 58298?
False
Does 33 divide 8278446?
True
Is 7 a factor of 566748?
True
Does 63 divide 901056?
False
Is 20928 a multiple of 16?
True
Is 89833 a multiple of 210?
False
Is 488390 a multiple of 35?
True
Is 18 a factor of 370706?
False
Is 499809 a multiple of 45?
False
Is 174324 a multiple of 398?
True
Does 22 divide 314886?
True
Is 173 a factor of 411117?
False
Is 105587 a multiple of 223?
False
Does 11 divide 1271513?
False
Is 362 a factor of 403238?
False
Is 799373 a multiple of 452?
False
Does 49 divide 129801?
True
Is 144620 a multiple of 35?
True
Is 152330 a multiple of 9?
False
Is 27 a factor of 1920307?
False
Is 12713 a multiple of 11?
False
Is 1905516 a multiple of 34?
False
Does 91 divide 5917366?
True
Does 87 divide 231246?
True
Is 1632 a factor of 26580384?
True
Is 65960 a multiple of 21?
False
Does 8 divide 106771?
False
Is 72 a factor of 4077288?
True
Is 89984 a multiple of 296?
True
Is 72884 a multiple of 133?
True
Is 98568 a multiple of 2?
True
Is 17 a factor of 689119?
False
Is 12 a factor of 347160?
True
Is 687 a factor of 5347608?
True
Is 6617403 a multiple of 9?
True
Is 687240 a multiple of 360?
True
Is 440 a factor of 1495560?
True
Is 5161454 a multiple of 11?
False
Is 7 a factor of 475620?
False
Does 5 divide 1060010?
True
Is 192 a factor of 1799040?
True
Is 79872 a multiple of 13?
True
Is 76 a factor of 202588?
False
Is 34 a factor of 26995?
False
Is 18 a factor of 33780?
False
Is 249 a factor of 6798923?
False
Is 297360 a multiple of 295?
True
Is 1556964 a multiple of 183?
True
Is 170689 a multiple of 324?
False
Does 105 divide 56490?
True
Is 27732 a multiple of 19?
False
Is 1426113 a multiple of 38?
False
Is 14479 a multiple of 12?
False
Is 83 a factor of 14567625?
False
Does 37 divide 202797?
True
Is 20 a factor of 3890420?
True
Does 31 divide 152334?
True
Is 9 a factor of 684324?
True
Is 12037340 a multiple of 443?
False
Is 751332 a multiple of 43?
False
Is 624137 a multiple of 212?
False
Is 197171 a multiple of 11?
False
Does 54 divide 564246?
True
Is 125385 a multiple of 107?
False
Does 15 divide 101680?
False
Does 7 divide 719261?
False
Is 411163 a multiple of 240?
False
Is 373216 a multiple of 239?
False
Does 5 divide 38098?
False
Is 10 a factor of 3518210?
True
Is 248 a factor of 333064?
True
Does 36 divide 148417?
False
Does 43 divide 5048716?
True
Does 3 divide 6378?
True
Does 95 divide 5652556?
False
Is 221634 a multiple of 6?
True
Is 34 a factor of 14144?
True
Does 123 divide 3318540?
True
Is 146694 a multiple of 138?
True
Is 709 a factor of 17600163?
False
Is 10 a factor of 1085692?
False
Does 402 divide 16956735?
False
Is 17 a factor of 51012?
False
Is 359034 a multiple of 24?
False
Is 1111691 a multiple of 109?
True
Does 207 divide 104500?
False
Is 57 a factor of 105021?
False
Is 17 a factor of 7082332?
False
Does 25 divide 618025?
True
Is 10 a factor of 1975370?
True
Is 164293 a multiple of 1269?
False
Is 5951968 a multiple of 352?
True
Is 14 a factor of 140056?
True
Is 595321 a multiple of 11?
False
Is 19546150 a multiple of 10?
True
Does 454 divide 248311?
False
Is 1917726 a multiple of 507?
False
Is 295320 a multiple of 138?
True
Is 7 a factor of 216526?
False
Does 243 divide 29646?
True
Is 72640 a multiple of 154?
False
Is 224 a factor of 6511680?
True
Is 5758320 a multiple of 15?
True
Is 48 a factor of 2804385?
False
Is 15 a factor of 352650?
True
Is 103 a factor of 400773?
True
Is 192822 a multiple of 9?
False
Does 146 divide 2202568?
False
Is 105 a factor of 85680?
True
Is 6995213 a multiple of 107?
False
Does 123 divide 16285?
False
Does 82 divide 3530428?
True
Does 455 divide 1383655?
True
Does 15 divide 10497517?
False
Is 343 a factor of 2032723?
False
Is 60 a factor of 4902080?
False
Is 278814 a multiple of 62?
True
Does 44 divide 1009914?
False
Is 23614423 a multiple of 647?
False
Is 212 a factor of 7446484?
False
Is 298 a factor of 8221835?
False
Is 3991169 a multiple of 190?
False
Is 9966650 a multiple of 4?
False
Does 8 divide 7138767?
False
Is 43269 a multiple of 14?
False
Is 818 a factor of 17212960?
False
Is 30 a factor of 4442610?
True
Is 97619 a multiple of 43?
False
Is 40 a factor of 625577?
False
Is 236142 a multiple of 331?
False
Is 929391 a multiple of 85?
False
Is 11 a factor of 1821325?
True
Does 6 divide 3178602?
True
Is 412 a factor of 182516?
True
Is 34902437 a multiple of 35?
False
Does 48 divide 140465?
False
Is 15 a factor of 13758?
False
Is 264 a multiple of 2?
True
Is 15 a factor of 1638750?
True
Is 110 a factor of 4937066?
False
Does 503 divide 1704696?
False
Is 128 a factor of 13056?
True
Is 256485 a multiple of 10?
False
Is 3760369 a multiple of 1219?
False
Is 742 a factor of 1495884?
False
Is 57 a factor of 266054?
False
Does 38 divide 10534?
False
Is 38 a factor of 944676?
False
Does 106 divide 5825373?
False
Does 146 divide 81468?
True
Does 695 divide 6682409?
False
Does 154 divide 93016?
True
Does 17 divide 145673?
True
Is 117 a factor of 394849?
False
Does 127 divide 2055237?
False
Is 171 a factor of 144324?
True
Does 28 divide 1221673?
False
Is 144150 a multiple of 310?
True
Is 6 a factor of 877535?
False
Is 5 a factor of 414975?
True
Is 368382 a multiple of 2?
True
Does 460 divide 804080?
True
Is 29 a factor of 130442?
True
Is 88 a factor of 169679?
False
Is 2958306 a multiple of 6?
True
Is 11 a factor of 1407802?
True
Does 498 divide 1481483?
False
Does 84 divide 247917?
False
Is 175714 a multiple of 90?
False
Does 83 divide 1142329?
True
Is 8 a factor of 3972242?
False
Does 82 divide 564924?
False
Is 20 a factor of 421705?
False
Is 608809 a multiple of 79?
False
Is 174258 a multiple of 189?
True
Is 15 a factor of 209834?
False
Is 305508 a multiple of 6?
True
Is 8339760 a multiple of 260?
True
Does 757 divide 20762611?
False
Is 32188 a multiple of 3?
False
Is 11 a factor of 1881121?
True
Does 13 divide 828637?
False
Is 445 a factor of 1576190?
True
Is 9 a factor of 539597?
False
Is 3 a factor of 126250?
False
Is 373 a factor of 246063?
False
Does 16 divide 10646288?
True
Is 42 a factor of 638414?
False
Is 29360 even?
True
Is 13 a factor of 10079199?
True
Is 328783 a multiple of 16?
False
Is 21 a factor of 5671?
False
Is 18 a factor of 11387620?
False
Is 9 a factor of 24387?
False
Is 8 a factor of 182278?
